 3*v = 110 + 10. Let p = v + -29. Let a(m) = -m**2 + 11*m + 6. List the prime factors of a(p).
2, 3
Let y = 280 - 102. What are the prime factors of y?
2, 89
Let r(y) = 2*y**2 + 5*y. Let o be r(-6). Let i = o + -21. List the prime factors of i.
3, 7
Suppose 0 = c + 15 + 15. Let o = 45 + c. Let k = o - 2. List the prime factors of k.
13
Suppose 0 = -2*u + 63 + 73. List the prime factors of u.
2, 17
Let b = -37 - -62. List the prime factors of b.
5
Let k = 4 + -4. Let x be (k - -2)/(4/(-6)). Let l = x + 7. What are the prime factors of l?
2
Let m(b) = 2*b**2 - 2*b - 1. Let x be m(2). Let n = 9 + x. What are the prime factors of n?
2, 3
Let y = -32 - -4. Let w(o) = 2*o**2 + 2*o + 2. Let n be w(-5). Let s = y + n. List the prime factors of s.
2, 7
Let v = -7 - 7. Suppose 3*u - 9 = 2*k, 0 = -0*k - k - 4*u + 23. List the prime factors of 9/(k/(-1)) - v.
11
Suppose 0 = -2*q - 2*q + 3*y + 177, -5*y = -5*q + 220. List the prime factors of q.
3, 5
Let v be 0 + -3 + 2 - 29. Suppose 3*y - 100 = 5*y. Let u = v - y. List the prime factors of u.
2, 5
Let d = -3 + 6. Suppose -d*m + 4*g - 10 = -32, -4*m + 12 = -g. What are the prime factors of m?
2
What are the prime factors of 0 + 3 + (-2)/(-2)*45?
2, 3
Let t(s) = -s**3 - 2*s**2 + 2*s + 3. Let b be t(-3). Let k(i) = -i**2 + 7*i + 8. List the prime factors of k(b).
2, 7
Let h(a) = 17*a - 6. Let j be h(8). Suppose 0 = 4*n - j - 42. List the prime factors of n.
43
Let p(n) = n**2 + 6*n - 5. Let h be p(-7). Suppose -4*w + 79 = 5*v + 29, v - 10 = h*w. What are the prime factors of v?
2, 5
Let i be (-4 - 10/(-2))/(-1). Let n(f) = -42*f**3 + f. List the prime factors of n(i).
41
Let d = -17 + 9. Let g be 15/4 - 2/d. Suppose 5*j + 30 = v + v, -5*j + 30 = g*v. What are the prime factors of v?
2, 5
Let z = -29 + 41. What are the prime factors of (8/14)/(z/42)?
2
Suppose 4*m + 150 = 6*m. What are the prime factors of m?
3, 5
Suppose -p + 8 = -3*p, -5*p = -r + 19. Let f be r*22*(-1)/2. Suppose -k + f = 1. What are the prime factors of k?
2, 5
Suppose -6 = -2*c + 3*j - 3, -4*j + 12 = 0. Suppose 0 = -5*s + 3*x + 27 + c, x + 23 = 3*s. What are the prime factors of s?
3
Let l = -39 - -118. List the prime factors of l.
79
Let f(t) = -t**2 - t. Let d(v) = 5*v**2 + 7*v - 15. Let c(p) = -d(p) - 6*f(p). What are the prime factors of c(0)?
3, 5
Let s(r) = 40*r - 3. List the prime factors of s(1).
37
Let w = 5 + -2. Suppose 0 = -2*v - 2, w*v = y + y - 27. Suppose -2*z + 3*z - 4*x = -1, -y = -2*z + x. What are the prime factors of z?
7
Let q(h) = -2*h - 12. Let p be q(-8). Let f be (0/3)/((-4)/(-2)). Suppose -16 = -p*l, -w + 5*l - 6 + f = 0. What are the prime factors of w?
2, 7
Let u(m) = m**3 - 6*m**2 - 6*m - 2. List the prime factors of u(7).
5
Suppose 0*u + 2*u = 66. Suppose -2*k + k + 1 = 0, 45 = j - 3*k. Let w = j - u. What are the prime factors of w?
3, 5
Let w = 11 - 7. Let t(z) = 4*z + 4*z**2 + 2 + 4*z - 4*z - z**3 - 3*z. What are the prime factors of t(w)?
2, 3
Suppose -2*j - 6 = -52. What are the prime factors of j?
23
Let q(w) = -3*w + 1. Let b(a) = -a. Let o(t) = 10*b(t) - 5*q(t). Let h be o(5). Suppose 2*s + 0*u = -u + 4, s - 4*u = h. What are the prime factors of s?
2
Suppose -79 = -5*z + 61. Let d = z - 18. What are the prime factors of d?
2, 5
Suppose 1386 = -15*w + 22*w. List the prime factors of w.
2, 3, 11
Suppose 6 = 2*z, 0 = -2*c + 5*z + 13 + 10. List the prime factors of c.
19
Let s(d) = d + 6. Let t be s(-6). Suppose -h + 4*z + 4 = t, 0*z + 34 = 3*h - z. What are the prime factors of h?
2, 3
Let x = 5 + -9. List the prime factors of 2 + 1 + x + 25.
2, 3
Let k(h) be the third derivative of h**6/120 + h**5/60 - h**4/24 - 14*h**3/3 + 2*h**2. Let d be k(0). Let f = -19 - d. List the prime factors of f.
3
Let j = 3 + -1. Let n(z) = -2*z**j + 2*z**3 - 4 - 4*z - z**3 + 0*z**3. List the prime factors of n(4).
2, 3
Let q = -11 - -7. Let z = -4 - q. Suppose z = -4*t + 11 + 25. List the prime factors of t.
3
Let b be ((-2)/6)/((-2)/6). Let d be (2 - 1)*(2 - b). Let x = 3 - d. What are the prime factors of x?
2
Suppose -l + 0*l + 3*h = -28, 5*l + 4*h - 121 = 0. Let v = -2 + 6. Suppose -p + 34 = p + 4*j, v*j - l = -p. What are the prime factors of p?
3
Suppose -2*x + 3*x = 4*a - 48, 29 = 3*a + x. List the prime factors of a.
11
Suppose -4*i = 80 - 464. Let u = i + -68. List the prime factors of u.
2, 7
Let v = -67 + 258. What are the prime factors of v?
191
Let y be (-20)/(-6) - 3/9. Suppose y*a - 2*t = 43, a + 0*t - 21 = -t. Suppose -9 - a = -2*f. What are the prime factors of f?
13
Suppose 4*j - 65 = 59. What are the prime factors of j?
31
Suppose -2*r = r - 21. What are the prime factors of r?
7
Suppose 33 = 3*o - 117. List the prime factors of o.
2, 5
Let k(w) = w**3 + 9*w**2 + w + 12. Let l be 2 - ((-36)/(-3) + -1). What are the prime factors of k(l)?
3
Let x be 0*((-28)/(-8) + -3). Suppose x*w = -w + 24. What are the prime factors of w?
2, 3
List the prime factors of (9896/28)/2 - 2/(-7).
3, 59
What are the prime factors of (35/(-15))/((-2)/6)?
7
Let z be (-26)/((-6)/15 - 0). Let r = z - 34. What are the prime factors of r?
31
Let n(r) = -r**3 - 6*r**2 + 10*r + 5. Let p be n(-7). Let f = 32 - p. What are the prime factors of f?
2, 3
Let a = -3 - -41. What are the prime factors of a?
2, 19
Let q be 20/(-6)*(-6)/5. Let u be (q/10)/(1/35). Suppose -4*z + u = -10. What are the prime factors of z?
2, 3
List the prime factors of -166*(-4)/8 + 4.
3, 29
Suppose 0 = -5*o + 7*o - 66. Suppose -o = -5*j + 12. What are the prime factors of j?
3
Let z(g) = -5*g**2 - 3*g - 14. Let l(q) = 4*q**2 + 3*q + 13. Let h(k) = -7*l(k) - 6*z(k). What are the prime factors of h(6)?
47
Let y(o) = -6*o - 3. Let s be 2/4*12/(-2). Let t be y(s). Suppose -3*w = -3*a + t, 3*a - w + 19 = 6*a. What are the prime factors of a?
2, 3
Let g(u) = 2*u**3 - 3*u**2 - 6*u + 7. Let j be g(3). Suppose 4*y - 2*l - 152 = 0, y - 3*l - j = 12. What are the prime factors of y?
2, 5
Let n = -67 - -111. List the prime factors of n.
2, 11
Suppose -j + 3*j + 8 = 0. Let w be 6/5*(-10)/j. Suppose 27 + 6 = w*b. List the prime factors of b.
11
Suppose -96 + 236 = 4*i. Suppose -k - 12 = 5*a - i, 4*a - 31 = -5*k. Suppose -25 = -j + k*p, -3*p = 5*j - 15 - 20. List the prime factors of j.
2, 5
Suppose 0 = s - k - 2, 5*s - 31 = -5*k + 19. List the prime factors of s.
2, 3
Suppose v + 18 - 6 = 0. Let j = -6 - v. List the prime factors of j.
2, 3
Let s be (4 - -36) + (-1)/1. Let l = s - 28. List the prime factors of l.
11
Let q(g) = -g**3 + 7*g**2 - 5*g - 2. Suppose -5*v = -25 + 5. Suppose -v*c + 0*f + 4 = -4*f, 19 = 4*c - f. What are the prime factors of q(c)?
2
Let h(d) = 3*d + 4. Let i(k) = k**2 + 4*k + 6. Let x be i(-4). What are the prime factors of h(x)?
2, 11
Suppose 33 = 2*h - 39. Let k = 59 - h. What are the prime factors of k?
23
Suppose 3*z + 6 = 6*z. Suppose 8 = -c + 5*u, z*c + 12 = 6*c + 2*u. Let m = c + 4. What are the prime factors of m?
2, 3
Suppose -5*h - 44 = -6*h. What are the prime factors of h?
2, 11
Let s be (-2 - -1)*-3 - -1. Suppose 2*w - 12 = -0*g + 2*g, 0 = s*w - g - 21. Suppose -5*x - 38 = -w*m - 2*x, 4*m = 2*x + 30. What are the prime factors of m?
7
Let s = 10 + -9. What are the prime factors of 22/(3/(-9) + s)?
3, 11
Suppose 3*j - 4*p = -10, 0 = -2*j - p + 6 + 2. Suppose -3*y = -3*c, -j*y + 5*c - 3 = 2*c. Suppose -20 = 4*z, -y*z - 2 = 3*u - 8. List the prime factors of u.
7
Let s(q) = -q**3 - 4*q - 1. What are the prime factors of s(-3)?
2, 19
Let m(d) = d**2 + d + 12. Let y be m(0). Suppose 4*a - 29 = -b + y, -3*a + 2*b = -28. What are the prime factors of (a/3)/((-4)/(-6))?
5
Suppose -2*h - 2*x = -0*h + 16, 32 = -4*h - x. What are the prime factors of h/(-12)*42/4?
7
Suppose -3*b - b = -a - 283, -3*a - 201 = -3*b. List the prime factors of b.
2, 3
Suppose 4*o + 6*j - 46 = j, -4*o + 32 = -2*j. List the prime factors of ((-48)/o - 0)*-3.
2
Let h(p) = p**3 - p**2 + 2*p - 1. Let a be h(1). Suppose 3*g + 24 = j, -j + 5 + a = 3*g. List the prime factors of j.
3, 5
Let p(k) = k**2 + 3*k + 2. Let v be p(-3). Suppose -2*y + 4 + 6 = 2*q, -1 = -v*q + y. Suppose -5*h - 3*l + 56 = -18, h = 5*l - q. List the prime factors of h.
13
Suppose 2*a + 708 = 8*a. List the prime factors of a.
2, 59
Let t be 26/7 - 6/(-21). Suppose 0*s - t*s + 20 = 0. Suppose -4*h - 5